 - 0*q - 36. Suppose 5*c = -s, h - 355 = -3*h - 3*c. What is the remainder when h is divided by 23?
22
Suppose 2*z - 225 = -z. Suppose 2*a - z + 5 = 0. What is the remainder when a is divided by 19?
16
Let o = 29 + -12. Suppose -3*q + 160 = -5*z, 4*q - 173 = 3*z + 33. What is the remainder when q is divided by o?
16
Let i = -11 - -27. Suppose 0 = -4*j + i, 5*x + 2*j - 198 = -0*x. Let g = 27 + -7. What is the remainder when x is divided by g?
18
Let h = -7 - -9. Let v(a) = -a**3 + 2*a**2 + 3. Let s be v(3). What is the remainder when (3/s)/(h/(-176)) is divided by 15?
14
Let b = 114 + -78. Calculate the remainder when 71 is divided by b.
35
Suppose 2*r - 63 = -3*i, 4*i = -4*r + 2*r + 68. Calculate the remainder when 45 is divided by r.
21
Suppose 9 = -4*r - 27. Let g be 0*(-3)/r - -2. Suppose -2*w = g*a - 3 - 15, a - 4*w = 14. What is the remainder when a is divided by 4?
2
Let x(d) = -d**2 + d - 1. Let b(g) = 3*g**2 - 13*g + 4. Let u(z) = b(z) + 2*x(z). Calculate the remainder when 5 is divided by u(11).
1
Suppose -12*j - 49 = -157. Suppose -8 = 4*v - 64. Let n = v + j. What is the remainder when n is divided by 12?
11
What is the remainder when (-12)/(-36) - (-202)/6 is divided by 9?
7
Suppose 4*q + 147 = 4*a - 61, -2*a = -3*q - 104. What is the remainder when a is divided by 7?
3
Let j = 124 - 66. Let d(v) = v**2 - v. What is the remainder when j is divided by d(5)?
18
Suppose -5*l + 2*r + 170 = 5*r, 2*l - 68 = -4*r. Calculate the remainder when l is divided by 13.
8
Suppose -5*h = 4*w - 56, 3*h = 2*w - h - 28. Calculate the remainder when w is divided by 6.
2
Suppose 2*o - 95 - 75 = 0. What is the remainder when o is divided by 22?
19
Let x(v) = 4*v + 2. Let z(g) = 1 + 4 - 3 + 4*g + 4*g**2. Calculate the remainder when x(4) is divided by z(-2).
8
Let p(a) = 2*a**2 - 7*a + 12. Let v be p(8). Let z = 224 - v. Let l = -90 + z. What is the remainder when l is divided by 26?
24
Let a be (-1)/3 - 2/(-6). Calculate the remainder when 28 - (-2)/1*(-3)/2 is divided by ((-2)/(-2) + a)*13.
12
Let l(t) = t**3 - 4*t**2 - 9*t + 4. Let b be l(6). Let c = -15 + 18. Suppose c*u = -4 + b. Calculate the remainder when u is divided by 4.
2
Let d = -19 + 29. Let z be (1 - 33)/(d/(-15)). Suppose -4*k + 2*k = -z. What is the remainder when k is divided by 13?
11
Let g = -36 - -58. What is the remainder when g is divided by 13?
9
Suppose -5*o + o = -2*g - 8, 2*o - 16 = 4*g. Let i = g + 10. What is the remainder when 23 is divided by 48/9*i/4?
7
Suppose 2*o - 2 = 2*v, 2*o + 0*v - v - 5 = 0. Let s(c) = 4*c - o*c - 2*c + 1. Calculate the remainder when 19 is divided by s(-3).
5
Suppose 9*s = -22 + 742. What is the remainder when s is divided by 9?
8
Suppose -2*r = 2*w - 180, 2*w - 180 = 6*r - r. What is the remainder when w is divided by 24?
18
Suppose s = -2*s + 39. Suppose 0*h - 6 = -3*h. Suppose -h = t - 27. Calculate the remainder when t is divided by s.
12
Suppose -2*c - 2 = 0, 3*b + 5*c + 39 = 5*b. Calculate the remainder when 31 is divided by b.
14
Suppose -4*q + 12 = -8. Suppose 0 = -4*h - 2*f + 46, -2*h - q*f = -15 + 4. What is the remainder when 25 is divided by h?
12
Let q be 413/(-35) + 1/(-5). Suppose -r + 9 = 2*r. What is the remainder when (q/8)/((-3)/8) is divided by r?
1
Let p(o) = -2*o**3 - 2*o**2 + 2*o. Suppose 2 = 5*d + 17. What is the remainder when p(d) is divided by 44*(1 + (-12)/16)?
8
Let l(w) be the first derivative of 2*w**3/3 - 6*w**2 + 6*w + 2. Let u be l(8). Calculate the remainder when -3 + u + (0 - 1) is divided by 12.
10
Suppose -4*a + 2 = p - 8*a, -4*p - 4*a + 68 = 0. What is the remainder when 68 is divided by p?
12
Suppose -5*j = 514 + 131. What is the remainder when j/(-15) - (-8)/20 is divided by 5?
4
Let h = -2 + -1. Let p(n) = n**2 + 2*n + 1. Calculate the remainder when 7 is divided by p(h).
3
Let t = 35 + -26. Suppose -2*k = k - t. Calculate the remainder when (12 - 1)*1 - 0 is divided by k.
2
Suppose -4*a = -3*d + 92, 0*a - 3*d + 46 = -2*a. Let z = 8 - a. What is the remainder when z is divided by 16?
15
Let k(w) = -w**2 - 10*w + 12. Calculate the remainder when k(-9) is divided by 11.
10
Suppose -i = -2*w - 4, -4*w - 2*i = -0*w - 8. Let k = w + 7. Calculate the remainder when 18 is divided by k.
4
Suppose -h + 2 = -0. Suppose h*m - 20 = m. What is the remainder when 95*(-1 + (-7)/(-5)) is divided by m?
18
Let n(f) = -3*f + 23. Calculate the remainder when 180 is divided by n(0).
19
Suppose 0 = 3*x - 4*m - 19, 0*x + 3*x = 2*m + 17. Suppose s = -5*q + 10, x*q - 1 = 2*s - 6. What is the remainder when s is divided by 3?
2
Let d(r) = r**2 + 4*r - 8. Let t(x) = x**2 + 2*x + 3. What is the remainder when t(5) is divided by d(-7)?
12
Let t(x) = -9*x - 1. Calculate the remainder when 17 is divided by t(-1).
1
Let b(m) = -22*m - 43. Calculate the remainder when b(-6) is divided by 28.
5
Suppose -3*i - 160 = -2*p, -7 = 3*i + 5. Calculate the remainder when p is divided by 25.
24
Let y(d) = -4*d - 1. Suppose h - 3*m = 22, 2*h + 3*m = -0*m + 62. Calculate the remainder when h is divided by y(-4).
13
Let n(f) = f**3 + 6*f**2 - 6*f + 4. Let k be n(-7). Let m(r) = 5*r**2 + 5*r. What is the remainder when m(k) is divided by -33*1/3*-1?
8
Let n = 5 + -5. Suppose -2*a - 3*a = 4*o - 30, 3*o = n. Calculate the remainder when 23/2 + (-1)/2 is divided by a.
5
Let u(o) = o + 3. Let n be u(0). Let a(i) = i**3 - i**2 + i + 4. What is the remainder when a(n) is divided by 4*((-10)/(-8) - -1)?
7
Let a = -17 - -34. What is the remainder when 66 is divided by a?
15
Let f = 319 - 148. Calculate the remainder when f is divided by 43.
42
Let x(s) = s + 3. Let u(a) = -5*a + 1. Calculate the remainder when u(-5) is divided by x(4).
5
Suppose -5*n + 44 = -6. Let d = n + -7. Calculate the remainder when d is divided by (2 - 0 - -2) + -2.
1
Suppose l + 15 = 4*o - 0*o, o + 5*l = 30. Suppose -o*b = -122 - 3. What is the remainder when b is divided by 3 + -3*(3 + -5)?
7
Let o = -6 + 8. Suppose 16 = o*d - 2*t - 36, -4*t = d - 1. What is the remainder when d is divided by 8?
5
Calculate the remainder when (-4)/(-18) + (-1236)/(-27) is divided by 16.
14
Let u = 184 + -114. What is the remainder when u is divided by 24?
22
Let u(q) = 5*q + 14. Calculate the remainder when 75 is divided by u(5).
36
Let k = -1 - -38. Calculate the remainder when 147 is divided by k.
36
Let y = -2 - -4. Suppose 0 = y*d - 2*c + 5*c - 39, 0 = 2*d - 4*c - 74. Suppose 30 = -3*t + 72. What is the remainder when d is divided by t?
13
Calculate the remainder when 52 is divided by (-14)/21*(-26 - 1).
16
Let d be (-507)/(-52) + (-1)/(-4). Calculate the remainder when 44 is divided by 1/(d/9 + -1).
8
Suppose -3*j = 10 - 73. What is the remainder when 79 is divided by j?
16
Let d = 21 - 36. Let y be 1 - 5/(d/(-6)). Calculate the remainder when 1 is divided by 0/y - 6/(-6).
0
Let h(g) = -g**3 - g**2 - g + 1. Let d be h(0). Let a = 24 + d. Calculate the remainder when a is divided by 9.
7
Let x(h) = 10*h - 1. Let l be x(1). Let v = l + -2. Calculate the remainder when v is divided by 9/2*6/9.
1
Suppose -4*h - j = -414, 5*h = -2*j + 524 - 5. Calculate the remainder when h is divided by 21.
19
Let q be -24*((-14)/3 + 0). Suppose s + 0 = 2, 3*n - q = -2*s. Let p = -18 + n. What is the remainder when p is divided by 10?
8
Let o(a) = 5*a - 2. Let n(f) = -f**2 + 7*f + 2. Let x be n(7). Suppose 2*q - 3*m = 9, -5*q = 2*m - 11 - 2. Calculate the remainder when o(x) is divided by q.
2
Calculate the remainder when 9 is divided by (5 - 2)*4/6.
1
What is the remainder when 61 is divided by 6*((-9)/(-2) - 1)?
19
Suppose -2*w - 2*j = -14, -3*w = j + j - 24. Suppose k = w + 32. What is the remainder when k is divided by 11?
9
Let g(h) = 25*h - 4. Suppose -2*b - 2*b + 96 = 0. What is the remainder when g(2) is divided by b?
22
Suppose 3*j - 9 = 6. Suppose -u + 3*t = j*t - 15, 3*u - 89 = 5*t. Calculate the remainder when u is divided by 3/(-9) + (-74)/(-6).
11
Let a(w) = w**3 + 3. Suppose -3*q + 6 = -k - 31, -16 = 4*k. What is the remainder when q is divided by a(0)?
2
Suppose 0 = 2*j + z - 13, 2*j - 3*z - 31 = 2*z. What is the remainder when 15 is divided by j?
7
Suppose 3 - 9 = -3*x. Suppose 0*a - x*a + 10 = 0. Suppose -m = 3*f - 19, 0 = 3*m - 2*m + a*f - 11. What is the remainder when m is divided by 11?
9
Le